24 - (-21 + 30))?
-32
Calculate (5 - (2 + (12 - 11))) + (-21 - -3).
-16
Evaluate (697 - 696) + (16 - -2).
19
24 + 8 + -3 - (-87 - -103)
13
Evaluate -2776 - -2748 - (0 - -32 - 5).
-55
Evaluate -109 + 9 + -2 - (7 + 15 + -29).
-95
Calculate 55 + -5 + 23 + 16 + -3 + 6.
92
Evaluate (174 - (123 - 78)) + (-7 - 2).
120
15 + (-38 + 13 - 9 - -52)
33
-4 - (-10 + 23 + -5)
-12
What is the value of 505 + -521 - (-1 - 42)?
27
What is -74 - -14 - -9 - ((-19 - -7) + 10)?
-49
-53 - (-11 + -55 - -73)
-60
1 + 13 + -6 - (-1 - -17)
-8
What is the value of 14 + -3 + 0 - (-5473 + 5461)?
23
Evaluate (0 - -4) + 12 + 1 + (197 - 260).
-46
What is 47 - -13 - (-20 - -43)?
37
Calculate (20 - (-8 + 6)) + -11 - (6 + 10).
-5
Calculate -82 + 72 - ((-6 - -6) + (3 - -1) + -6).
-8
What is the value of -52 - ((1 - 8) + -11)?
-34
Calculate 0 + (-17 - -4) + 19 + 54 + 12.
72
-34 + (-39 - -49) + 27
3
What is the value of 39 - (5 + -1) - -5 - -7 - 10?
37
What is the value of (7 - 1) + -4 + 4 + (-25 - (55 - 20))?
-54
Evaluate 2761 + -2756 + (0 + 25 - 0).
30
Calculate 79 - (35 + (4 - (52 - 33))).
59
-3 - 91 - ((-4 - (6 - 37)) + -25)
-96
What is the value of 30 + (48 - 71) + (13 - 8)?
12
-27 - ((105 - 67) + (-7 - 21))
-37
-10 - (8 + -19) - (94 + -65)
-28
14 - 0 - 9 - 48 - (27 + -30)
-40
Evaluate -8 + 8 + -5 + 4 + 17 - 80.
-64
-1 + -34 + 492 + -281 + -114
62
What is the value of 7 + 8 + 2 + (-21 - (9 + -14)) + 1?
2
Calculate 1 + 5 + (-1 - 2 - (30 - (33 + -18))).
-12
109 + -67 - (24 + 17) - -5
6
Evaluate -11 + 24 + -9 - (-5 - (2 + 7)).
18
What is the value of 46 + (76 - 78 - 3)?
41
-56 + -2 + (-2 + 3 - -21)
-36
What is the value of (51 - 50) + (-2 - 13) + -18?
-32
Evaluate -7 + (-21 - -3) + 43 + -26 - 14.
-22
Evaluate 53 + -89 + -14 - -26.
-24
What is the value of -7 + 35 + 2 + -31 + -46?
-47
Evaluate 65 + (-121 - -67) - (74 - -2).
-65
What is the value of 9 + 19 + -22 + 12 + (-105 - -10)?
-77
What is 1 - (4 + (-13 - (59 - -7 - 21)))?
55
Calculate (2 - 3) + 100 - (-12 - (-44 + 62 - 31)).
98
What is -125 + 143 + (2 + -5 - 6)?
9
73 + -146 + 12 + 18
-43
What is 55 + 5 - (-72 - -64 - (-2 + 4 - -2))?
72
What is the value of -86 + (-2 - -14) + 97?
23
(25 - -69) + -14 - (-3 - -12 - 12)
83
What is the value of 38 - 74 - (-2 + -29 + 7) - 23?
-35
Calculate -10 - ((0 - 3 - -10) + (-180 - -183)).
-20
8 - 5 - (25 + -9 - 9) - (-153 + 111)
38
What is the value of -41 + 1 - (-4385 - -4263)?
82
What is the value of 53 + -11 + -11 - (37 + -4)?
-2
What is the value of (-3 - -2 - 5) + (1 + 48 - (-755 - -868))?
-70
Calculate 10 + 0 - (42 - (16 + (11 - -81))).
76
What is the value of 126 + 108 + -247 + (2 - -2 - (-2 - 0))?
-7
What is 649 + -691 + -8 + 8?
-42
5 + (-3 - -3) + (-140 - -135) + 1
1
Calculate 16 + (-116 - -1) + 502 + -514 - -19.
-92
What is the value of -3304 + 3338 - (-1 + 76)?
-41
(-9 - (-1 + 9 + -15)) + 5 + (11 - 115)
-101
-3 + 1 + -101 + 0 + 4 + -20 + -8
-127
Calculate -27 + (11 - ((14 - 6) + -11)) - 13.
-26
Calculate 32 + -56 - (13 + (28 - 14)).
-51
Calculate -120 + 15 + (16 - (-21 + 58 - 22)).
-104
-10 + (-9 + 0 + 18 - 5) + 35
29
Calculate (70 - 3) + (-2265 - -2194).
-4
What is the value of 632 + -552 + (-5 - (3 - (-3 - -5)))?
74
Calculate 58 - 67 - (-19 + (-4 - 1) - -2).
13
6 + -8 - -51 - (-2 + -14 - -20) - 15
30
Evaluate 41 + (7 - 3) - (0 - (-8 + (2 - -2))).
41
Calculate 14 + -10 + (28 - 10) + -2 + -6.
14
What is the value of -1 - (-7 - 8) - (100 - 92)?
6
What is the value of (0 - -17) + (-96 - -186) + -57?
50
What is 33 - (55 + (-39 - 31))?
48
What is 24 + -26 + 66 - 29?
35
What is the value of 87 - (1 - 53) - 51?
88
What is the value of -2 - ((-28 - -17) + -32)?
41
Calculate -71 - (0 + -19 + -20 + 21) - (-8 + 0).
-45
What is 77 - (-8 + -44 + 58) - ((-2 - -4) + 6)?
63
Evaluate (8 - -36 - 35) + 3 + 0 + 9.
21
9 - ((98 - 92) + (-1 - 44) + -12) - -8
68
Evaluate 1 + 8 + -6 + 5 + -7 + (-6 - -5).
0
Calculate 62 + -17 - -12 - 4.
53
What is (50 - (79 + -5)) + 32?
8
Evaluate 34 + (67 - (-6 - -119)).
-12
51 - ((6 - (1 - 19)) + -12)
39
What is 60 - (49 + -43) - 73?
-19
What is (23 - 1) + -28 - (3 + -2)?
-7
25 + -6 + 1 + -39 - -28
9
Calculate (-110 - (26 + -228)) + -1 + -29.
62
What is the value of 6625 + -6645 + (1 - -1 - -39)?
21
((-27 - -10) + 22 - 17) + (-2 - -79) + -9
56
(-2 + -99 - (6 + (-53 - -34))) + 10 + -21
-99
Calculate -3018 - -3025 - (0 + -37).
44
(127 - (-10 - -137)) + 98
98
Calculate -25 - ((-141 - -128) + -54 + 0).
42
What is the value of -2 + -6 + -70 - (-18 + 21 + -16)?
-65
What is the value of 65 - 169 - (0 + -12 + 89 + -83)?
-98
What is -2723 + 2736 - (0 + -3 - 0 - (-2 - -85))?
99
What is the value of 4 - (7 + (47 - 16))?
-34
Evaluate 89 - (-14 - -75 - 75).
103
Calculate 114 + -1 + (0 - 1) - (992 - 982).
102
What is the value of 1 + (-1 - 1) - (-1 + 27 + -44 + 42)?
-25
What is the value of 20 - (-39 - -60 - (1 - -1)) - 59?
-58
Evaluate 40 - (-2 + -85 - -78).
49
Calculate -4 + (139 - 144) + 1 + 90.
82
What is the value of 18 - (23 - 27) - (1 + -61)?
82
What is (-30 - (-1 - 44)) + 1 - 95?
-79
(12 - (-19 + 16) - 9) + 9 + 0
15
What is the value of -2 + 14 - ((-46 - (1 + 12)) + -1)?
72
Calculate -14 - ((7 + -40 - 0) + 19).
0
Calculate -82 + 269 + -268 + 0 + 2 + -11.
-90
Calculate 2 + 22 + (-12 - (-35 - -14)).
33
What is the value of 0 + (-10 - -1) + (-130 - -157)?
18
What is (82 + -166 - -37) + 29?
-18
What is 2 - 1 - (734 + -808 + 1 + -5)?
79
What is 8 + -25 - (-10 + -7) - (37 - -2)?
-39
What is -1792 + 1843 + 0 + -27?
24
Evaluate -39 + 6 + (7 + -3 + -11 + 7 - 1).
-34
Calculate 3 + (-11 - (28 + -9)) + 41.
14
What is 91 + (6 - -20 - 16 - (0 + (12 - -3)))?
86
What is the value of (-2 - -5) + (-90 - (-88 + 16))?
-15
Calculate -13 + (1 + 50 - (-174 - -157)).
55
Evaluate (-7 - -23) + -38 + 40 + -20.
-2
What is the value of (-62 + -53 - -126) + 61 + 1 + -3?
70
Evaluate -6 + 32 + (29 - (4 - -44)).
7
What is the value of 3 + (-20 - -38 - 31) + (-1 - -7) + 26?
22
Calculate -345 + 294 + 4 + (-5 - -11).
-41
What is 72 + -28 + 3 + -70?
-23
Calculate -33 + -13 + 21 + 40 - (2 + -53).
66
11 + (-7 - (10 - 2) - -18 - 15) - -17
16
Evaluate (-48 - -19) + 24 + 18 + 1 + 12.
26
37 - (-69 - -5) - 43
58
What is the value of (-5 - (-77 + 9)) + -88?
-25
What is the value of -18 + -3 + 5 + (7 - (1 + 12)) + 12?
-10
-16 + -74 + 8 + 16 + (8 - 23)
-81
Evaluate -131 + (-54 - 38 - -124).
-99
What is -12 + (-31 - -41) + -33 - 38?
-73
Evaluate 8 + -103 - (899 + -1002) - ((1 - 0) + 0).
7
(37 + -1 + -6 - -6) + -7 - (3 - -1)
25
Calculate 8 - (-89 + 78) - -13.
32
Calculate (11 - 3 - 4) + -10 + 2.
-4
What is the value of 13 + -97 + 104 + -102?
-82
Calculate -22 - (-21 - -1) - (16 + -24).
6
Calculate (-3 - (-3 - -3)) + 2 + (174 - 50 - 74).
49
What is the value of -51 + (96 - 47) + (1 - (1 + -15)) + 0?
13
-20 + (-43 - -37 - (13 + -21 + -8))
-10
What is the value of 8 - (0 - (-6 + -1 - 5)) - (-42 + -1)?
39
Evaluate (14 - 6) + (-29 - -14) + -21 + 7.
-21
What is (8 + -4 - -11) + (87 - 160)?
-58
-5 - ((-61 - -41) + -11)
26
Evaluate (14 - (-8 - 87)) + 9 + -30 + 4.
92
What is 9 + -95 - (-186 - -149)?
-49
-4 + (-53 - -3) + (-2 - 0) + 85 + -78
-49
Evaluate (-11 - -8 - -11) + -4 + (14 - (4 + 6)).
8
What is the value of (19 + -4 + 5 - (49 + -38)) + 12 + -1?
20
Evaluate (-590 - -573) + -1 + 0 + (1 - -1) - 6.
-22
23 + -32 - 13 - -17 - -36
31
Evaluate 97 + 56 + (-106 - -7).
54
What is -1 - 55 - (53 + -76 + 1 + 27)?
-61
Calculate -8 + (3 - (-5 + 4 - -2)) + (3 - 56).
-59
Calculate 37 + 17 + 0 + (-17 - 13) + 6.
30
-1 + 71 - (-2 + -13 + (-3 - -5 - -2))
81
What is the value of -35 + ((18 - 22) + 4 - 4 - (4 - -1))?
-44
Calculate -17 - (7 + -8 - -3 - -38).
-57
Evaluate (-40 - -28 - -11) + -89 + (-10 - -18).
-82
What is the value of 4 - (-23 - -11) - (32 + 5) - -5?
-16
Calculate (-83 - -229) + -94 + -10 + 1.
43
Calculate (-33 - 0) + -25 + -19 + 15 + -17 + 39.
-40
Calculate (44 - 59) + (11 - -41 - 1).
36
Calculate 5 - (-28 - 7) - 33.
7
-26 - (2 + 0 + 7 + -21)
-14
Evaluate 11 + (-8 + -4 - (-11 - -18)) + (-43 - 1).
-52
Calculate 2 + 0 - ((-43 + -43 - -37) + 138).
-87
What is -43 - (((1 - 0) + -2 - 0) + 19 + -18)?
-43
Evaluate 109 + (-288 - -145) - (1 + -24).
-11
-10 - (-2 + -10 + 0 + 4) - -11
9
Evaluate -20 + 3 - (-59 - (-19 - -22)).
45
What is (-7 + 2 - (-199 - -160)) + -60?
-26
2985 + -3099 - (2 + -63)
-53
What is (2112 - 2116) + -2 + -28?
-34
What